= -3*h. What is the units digit of h?
9
Suppose -48 = -5*p + p. Suppose -p = 2*h - 6*h, -562 = -5*n + h. What is the units digit of n?
3
Suppose -5*w = -2*w - 9. Suppose 5*u + 26 = w*u - 2*x, 0 = -2*x + 10. Let b = -16 - u. What is the units digit of b?
2
Let f be (-2 - -24) + -4 + 0. Let u = 76 - f. What is the units digit of u?
8
Suppose 4 + 2 = 2*u, -n + 90 = 5*u. Suppose 2*h - g - n = 62, -4*g = -20. What is the tens digit of h?
7
Let f = 1423 - 616. What is the tens digit of f?
0
Let v(y) = -y**2. Let c(m) = -6*m**2 - 7*m + 20. Let r(x) = -c(x) + 5*v(x). Let f be r(-10). Let d = f - 7. What is the units digit of d?
3
Let a be 1 - (-1 + 4 - 40). Suppose 2*c - a = 44. What is the tens digit of c?
4
Suppose -524 = 18*x - 22*x. Suppose 86 + x = n. What is the tens digit of n?
1
Suppose 0 = -2*o + 1 + 11. Suppose 15 = o*f - f. Suppose 0*k = f*k - 21. What is the units digit of k?
7
Suppose u + 8710 = 3*t, 5*t = 10*u - 7*u + 14518. What is the tens digit of t?
0
Let x = 270 - 73. What is the hundreds digit of x?
1
Let y(d) be the third derivative of -d**4/24 + 2*d**3 - 9*d**2. Let i be y(9). Suppose 0 = -m - i*m + 108. What is the tens digit of m?
2
Suppose 0 = 2*c + 4*c - 420. Suppose 0 = p + p - c. What is the units digit of p?
5
Let k(n) = n**3 - 7*n**2 - 8*n - 5. Let w be k(8). Let c be (-8)/w - (-4)/10. Suppose -3*x = -5*h - 118, c*h - 16 = -x - h. What is the tens digit of x?
3
Suppose 4*w + 2 = -2*p, 2*w - 13 = -2*w + p. Let v(f) = 19*f - 8. What is the units digit of v(w)?
0
Suppose -5 = -2*k - 1. Let n(d) = 4 + 3*d - d**3 - 2 + 2*d**2 + 4*d**k. What is the tens digit of n(6)?
2
Suppose 0 = -3*p + 5 + 7, 0 = -2*g + 4*p + 896. What is the units digit of g?
6
Let t(b) = 19*b**3 - b**2 + 15*b - 86. What is the hundreds digit of t(5)?
3
Let u = -443 + 3332. What is the tens digit of u?
8
Let u(c) = -2*c + 16. Let b be u(7). Suppose 2*n = -b*n + 68. What is the units digit of n?
7
Suppose -4*b = -4*u + 4, 2*u + 5*b - 23 = -0*b. Suppose -285 = -u*m + m. What is the units digit of m?
5
Let j(d) = 2*d**3 - 16*d**2 + 3*d + 3. Let l(o) = 3*o**3 - 16*o**2 + 4*o + 2. Let h(k) = 4*j(k) - 3*l(k). What is the units digit of h(-16)?
6
Let z(k) = 47*k**3 - 2*k**2 + 2*k. Let m be z(1). What is the units digit of 2/(-3) + m/3?
5
Let g(f) = f**2 + 4*f. Let u = 18 + -15. Suppose -5*k = -3*t - 3*k - 29, 3*t = u*k - 33. What is the tens digit of g(t)?
2
Let a(z) = z**2 - 2*z - 278. Let u be a(0). Let o = 522 + u. What is the units digit of o?
4
Suppose -14*c - 450 = -16*c. Suppose 0 = 3*h + 4 + 5, 3*m - h = c. What is the units digit of m?
4
Let t(z) = -2*z + 7. Suppose -2*a + 3*m + 20 = -2*m, 3*a = -2*m + 11. Let i be t(a). What is the units digit of i - 3/(3/(-4))?
1
Let f be ((-220)/36)/(-5) - (-4)/(-18). Let w = 16 + f. What is the units digit of w?
7
Suppose 5*h - 16 = 19. Let u = 20 - h. What is the units digit of u?
3
Suppose 3 = 2*m - 9. Suppose 3*y + m = 3*u, 0 = 2*u + 2*y - 10 - 6. Let p = u - 4. What is the units digit of p?
1
Let l = 45 + -43. Suppose h = -l*q + 51, h = -3*h + 4*q + 156. What is the tens digit of h?
4
Let f = -174 - -349. What is the tens digit of f?
7
Let g = 22 + -17. Suppose 2*t - 11 = -g*x, x - 1 = -t - 0*t. What is the units digit of (-1)/(-3) - (-11)/x?
4
What is the tens digit of 4 + 1129 + 5 - 0/(-3)?
3
Let h = 875 + -593. What is the units digit of h?
2
Suppose 2 = -4*p + 5*p. Suppose -p*x = -50 - 28. What is the tens digit of x?
3
Suppose 7*h = 408 - 72. Suppose h = -2*r + 3*r. What is the tens digit of r?
4
Let r be ((-1)/(-2) + 2)/(4/8). Suppose r*m = 13*m - 552. What is the units digit of m?
9
Let u be ((-12)/9)/((-4)/(-6)). Let x be 1/(u/(-8)*2). Suppose -x*f = -6*f + 128. What is the units digit of f?
2
Let m(z) = -2*z**3 + 3*z**2 + 3*z + 3. Let u be m(3). Let x(w) = 3*w + 21. Let o be x(u). What is the units digit of ((-18)/(-4))/((-4)/o)?
7
Let a(v) = -v. Let g = 7 - 9. Let f be a(g). Suppose -i = 2*i + 2*l - 64, i - f*l - 32 = 0. What is the tens digit of i?
2
Let l(h) = -118*h - 70. What is the hundreds digit of l(-7)?
7
Let c = 1275 + -543. What is the hundreds digit of c?
7
Suppose 0 = -4*j - 26*q + 31*q + 2484, 5*q = 0. What is the units digit of j?
1
Let z(b) = -29*b**3 + b**2 - b - 1. Let c be z(1). Let q = c - -127. What is the tens digit of q?
9
Let z = -13 + 13. Suppose -s + z*s + 3 = 0. Let g(n) = n**2 + 5. What is the tens digit of g(s)?
1
Suppose -4*a - 122 = -386. Let p = 15 + a. What is the units digit of p?
1
Suppose -4*u + u - 2*c = -36, c = -5*u + 60. Suppose 4*z - u = 196. What is the units digit of z?
2
Let y be 1/(-6)*3*2. What is the tens digit of -2*(y + (-477)/6)?
6
Let y(s) = -3*s - 28. Let l be y(-10). Suppose -l*b + 3*b - 32 = 0. What is the units digit of b?
2
Let i = -13 + 244. What is the tens digit of i?
3
Suppose 4*h - 2*h = n + 1125, 0 = -h - 2*n + 550. What is the tens digit of h?
6
Let a be ((-9)/(-4))/((-66)/(-88)). Suppose -a*d + 31 = g, -4*d = -4*g + 61 + 127. What is the tens digit of g?
4
Let q(l) = -85*l - 177. What is the units digit of q(-27)?
8
Let s = 81 + -68. Let r = 91 + s. What is the units digit of r?
4
Suppose -3*a + 16097 = -4*b, 0 = 56*b - 51*b - 5. What is the thousands digit of a?
5
Let f = -69 + 42. What is the units digit of 10*(-1)/6*f?
5
Let a(q) = 3*q**3 + 39*q**2 + 26*q - 16. What is the units digit of a(-11)?
4
Let x = -10 + 9. Let q be (-7)/x - 2/1. Suppose 2*p = q + 1. What is the units digit of p?
3
Let x(f) = f**2 - 8*f + 15. Let q be x(4). Let p(c) = 95*c**2 + 4*c + 3. What is the tens digit of p(q)?
9
Let w(v) = v**2 + 14*v + 6. Let t be w(-10). Let x = t + 39. What is the units digit of x?
5
Suppose j - 2*j - 3*s = -770, 2*j = 5*s + 1496. What is the hundreds digit of j?
7
Let h be -3*((1 - 4) + -42). Suppose -139*l + h*l = -148. What is the units digit of l?
7
Let n(o) = -o**3 + 14*o**2 + 13*o - 40. What is the tens digit of n(9)?
8
Suppose 88392 = -148*f + 206*f. What is the units digit of f?
4
What is the hundreds digit of (33/12)/(1/1044)?
8
Suppose -3*h - 1995 = 11*g - 12*g, 2*g + h = 3997. What is the units digit of g?
8
Suppose -4*j = -5*r, 5*j - 6 = -r + 23. Suppose u - 3*u - 2*i = -194, 5*u - j*i = 435. What is the tens digit of u?
9
Let o(k) = k**2 - 17*k - 40. Let b be o(9). What is the tens digit of (-16)/b + 1371/7?
9
Let y = -95 + 210. What is the hundreds digit of y?
1
Suppose -4*g - 1706 = -2*a, -9*a - 1705 = -11*a + 5*g. What is the units digit of a?
5
Let o(f) = -2*f + 26. Let a be o(-17). Let l be (1 + 0)*2 - 0. Suppose t + l*t - a = 0. What is the units digit of t?
0
Suppose -4*h = 3*m - 190 - 590, h - 3*m - 210 = 0. What is the hundreds digit of h?
1
Let r be (-2 - 0)*(-387)/6. Let x = 255 - r. What is the tens digit of x?
2
Let b be (1 - 1) + (-1 - -25). Let j = b - 10. Suppose -w + j = -0*w. What is the tens digit of w?
1
Let h(y) = 231*y + 40. What is the hundreds digit of h(2)?
5
Let h(t) = -6*t**3 - 2*t**2 - 10*t - 7. What is the hundreds digit of h(-4)?
3
Let l(t) = -38*t - 43. What is the hundreds digit of l(-6)?
1
Let b(z) = 61*z**2 + 34*z + 27. What is the thousands digit of b(-8)?
3
Let l(z) = 13*z**3 - 4*z**2 + z + 3. Let t be (1 - 2)/(2/(-4)). What is the units digit of l(t)?
3
Suppose 6*f - 2*f - 1935 = -3*w, 955 = 2*f - w. What is the hundreds digit of f?
4
Suppose 0 = -3*j - 0*j + 12. Suppose j*c - 2 - 2 = 3*o, 5*c = 3*o + 8. What is the units digit of -34*(36/(-8) + o)?
7
What is the tens digit of (-75)/(-6)*396/30?
6
Suppose 24*u + 266 = 25*u. What is the units digit of u?
6
Suppose f - 3*q + 30 = -f, 4*q = 16. Let i(p) = p**2 - 4*p + 22. What is the hundreds digit of i(f)?
1
Let d be 3/(-2) + 0 + (-111)/6. Let j = 40 + d. What is the tens digit of j?
2
Suppose m - p = 1, 8 = 5*m + 2*p - 6*p. What is the tens digit of (0 - (-180)/6) + m?
3
Let n = 5259 + -2413. What is the units digit of n?
6
Suppose 0 = -6*u + u + 10. Let i(w) = -8*w - 32. Let r be i(-11). Suppose 6*y - r = u*y. What is the tens digit of y?
1
Let f = 22 + -40. Let p = f - -23. Suppose -3*q + 9 = 5*h, 5*q = 3*q - p*h + 6. What is the units digit of q?
3
Let h be ((-2)/(-6))/((-3)/(-18)). Let q = h - -20. Let u = 32 - q. What is the tens digit of u?
1
Let o(a) = -140*a + 11. What is the tens digit of o(-2)?
9
Let u(z) = 2*z**2 + 3*z**2 + 